True
Is 6531060 a multiple of 255?
True
Is 34270632 a multiple of 425?
False
Does 392 divide 1215592?
True
Does 392 divide 17877944?
True
Is 1729131592 a multiple of 5?
False
Is 101412060 a multiple of 10?
True
Is 26629177 a multiple of 97?
False
Does 79 divide 110908994?
False
Is 11353684 a multiple of 100?
False
Does 807 divide 23373948?
True
Does 30 divide 15524565?
False
Does 14 divide 4493432?
False
Does 1480 divide 4866240?
True
Does 1247 divide 43172403?
False
Is 10 a factor of 52480052?
False
Is 3 a factor of 11432394?
True
Is 110610837 a multiple of 70?
False
Does 5 divide 477840378?
False
Is 872 a factor of 42135040?
True
Does 2 divide 1605666?
True
Is 647265684 a multiple of 78?
True
Does 38 divide 724896?
False
Does 290 divide 34091755?
False
Is 19 a factor of 2858088?
False
Is 43679196 a multiple of 18?
True
Is 20 a factor of 382312380?
True
Is 19 a factor of 15985384?
True
Does 54 divide 864274266?
True
Is 107 a factor of 302827050?
False
Is 3870 a factor of 105606265?
False
Does 127 divide 933450?
True
Is 53 a factor of 1801630971?
False
Does 8 divide 4808471?
False
Is 32753733 a multiple of 22?
False
Does 90 divide 248941480?
False
Does 6187 divide 1139490725?
True
Is 232 a factor of 17699812?
False
Is 9208836 a multiple of 26?
True
Is 2 a factor of 48580319?
False
Is 2048 a factor of 127152128?
True
Does 263 divide 391585688?
False
Does 1095 divide 5110392375?
True
Does 943 divide 32605168?
True
Does 405 divide 59858693?
False
Does 130 divide 63614200?
True
Does 71 divide 60293297?
False
Is 8406 a factor of 886814051?
False
Does 4 divide 53405352?
True
Is 132890504 a multiple of 23?
True
Is 351 a factor of 224092190?
False
Does 6 divide 992168302?
False
Does 34 divide 92082673?
False
Does 82 divide 50399906?
True
Does 6 divide 1470426450?
True
Is 388 a factor of 78406652?
True
Is 1310283184 a multiple of 56?
True
Is 16 a factor of 134227040?
True
Is 547 a factor of 525230920?
False
Is 211562028 a multiple of 12?
True
Is 22774962 even?
True
Does 8 divide 264248042?
False
Does 43 divide 3196325579?
True
Is 1973323463 a multiple of 57?
False
Is 365517573 a multiple of 19?
True
Does 40 divide 47665120?
True
Is 145872050 a multiple of 775?
True
Does 12 divide 122907528?
True
Does 15 divide 141811999?
False
Is 14 a factor of 58720032?
True
Is 21 a factor of 369878922?
True
Does 1179 divide 263258910?
True
Is 203 a factor of 30854513?
False
Is 212 a factor of 19791010?
False
Does 1104 divide 513892516?
False
Does 177 divide 55026468?
True
Is 9 a factor of 15222600?
True
Is 1399 a factor of 39281122?
True
Does 5817 divide 2093672091?
True
Is 8172285 a multiple of 55?
True
Is 3823920134 a multiple of 7057?
True
Does 3 divide 378052679?
False
Does 23 divide 5320889?
True
Does 1761 divide 75053820?
True
Is 48501971 a multiple of 239?
False
Does 25 divide 85562282?
False
Is 2511 a factor of 728031077?
False
Does 1086 divide 453294028?
False
Is 14075105 a multiple of 19?
True
Is 160882241 a multiple of 234?
False
Is 203414352 a multiple of 1682?
True
Does 389 divide 34882588?
False
Is 47 a factor of 74241540?
False
Is 80159008 a multiple of 19?
False
Is 251757551 a multiple of 1084?
False
Is 19 a factor of 703391?
False
Does 14 divide 9579360?
True
Does 8 divide 47685040?
True
Is 241029432 a multiple of 84?
True
Is 37 a factor of 270829603?
True
Does 278 divide 168860159?
False
Is 93 a factor of 812287854?
True
Is 539849796 a multiple of 171?
False
Is 205398801 a multiple of 31?
False
Is 301 a factor of 1523140668?
True
Is 16866442 a multiple of 27?
False
Is 1238 a factor of 65209174?
True
Is 2702 a factor of 2103015236?
True
Is 162 a factor of 163777302?
True
Is 1159 a factor of 139752480?
False
Does 761 divide 14097525?
True
Is 1898693866 a multiple of 723?
False
Is 41 a factor of 81690204?
True
Is 72703316 a multiple of 317?
True
Does 253 divide 2214701027?
True
Is 521 a factor of 65924170?
False
Is 74 a factor of 284331754?
True
Is 501 a factor of 806976231?
True
Is 228643401 a multiple of 7?
True
Is 17242632 a multiple of 24?
True
Is 44838063 a multiple of 10?
False
Does 505 divide 188583?
False
Is 396 a factor of 16064532?
True
Is 7 a factor of 60755316?
False
Is 180 a factor of 1078673422?
False
Is 98442264 a multiple of 7?
False
Is 1821 a factor of 17618573?
False
Does 2 divide 21848404?
True
Is 68396703 a multiple of 87?
True
Does 391 divide 104692596?
True
Does 66 divide 53629488?
True
Is 14 a factor of 81043298?
True
Is 67395480 a multiple of 9?
False
Is 154817434 a multiple of 8?
False
Is 16008658 a multiple of 477?
False
Is 146788046 a multiple of 43?
False
Is 604 a factor of 229522416?
True
Is 93 a factor of 1053527442?
False
Is 1827 a factor of 563508369?
False
Is 4 a factor of 42614520?
True
Is 1521866536 a multiple of 328?
True
Does 594 divide 102850506?
True
Does 375 divide 974249850?
False
Is 73 a factor of 4262079?
False
Is 25466210 a multiple of 10?
True
Is 136 a factor of 15499179?
False
Is 37 a factor of 1295117166?
False
Does 117 divide 1020920900?
False
Does 11 divide 435721039?
False
Is 417 a factor of 2457691248?
True
Is 1110 a factor of 21822600?
True
Is 137 a factor of 3508046934?
True
Does 1816 divide 27594120?
True
Does 3 divide 994054272?
True
Is 23400684 a multiple of 27?
True
Is 2516329621 a multiple of 15?
False
Is 280990068 a multiple of 47?
False
Is 142 a factor of 1061321774?
True
Is 46 a factor of 3296038?
True
Is 1052563520 a multiple of 304?
True
Is 17 a factor of 136254932?
True
Is 242653606 a multiple of 8?
False
Does 136 divide 13482599?
False
Is 1624200 a multiple of 300?
True
Is 847 a factor of 26356099?
True
Does 8 divide 1397983600?
True
Does 250 divide 22524250?
True
Is 2043056 a multiple of 16?
True
Is 140811951 a multiple of 1141?
True
Does 7 divide 5849645?
False
Does 6538 divide 4081043824?
False
Does 525 divide 18745721?
False
Is 994497163 a multiple of 1134?
False
Is 182 a factor of 9498667?
False
Is 13712355 a multiple of 13?
False
Does 539 divide 1156572324?
False
Is 997 a factor of 6506722097?
True
Is 313 a factor of 4409114?
False
Does 205 divide 33679245?
True
Is 16544178 a multiple of 126?
True
Is 2482161 a multiple of 3?
True
Is 3 a factor of 19428060?
True
Does 394 divide 7148736?
True
Is 3964253016 a multiple of 43?
False
Is 44 a factor of 604013608?
True
Does 241 divide 16453793?
True
Is 51509824 a multiple of 306?
False
Is 103750697 a multiple of 14?
False
Does 36 divide 15074568?
True
Does 59 divide 5756995642?
False
Does 11 divide 55846274?
True
Does 11 divide 1116297138?
True
Is 260 a factor of 13793125?
False
Is 598002550 a multiple of 4976?
False
Does 56 divide 332252844?
False
Does 2591 divide 160664090?
False
Is 425924 a multiple of 233?
True
Does 42 divide 18430608?
True
Is 448 a factor of 431458048?
True
Is 34088162 a multiple of 64?
False
Is 122 a factor of 116056872?
False
Is 8 a factor of 295539828?
False
Does 9 divide 8552741?
False
Does 279 divide 384353087?
False
Is 3339666540 a multiple of 90?
True
Does 69 divide 1869243931?
False
Is 104048205 a multiple of 33?
False
Does 38 divide 1613877100?
True
Is 48034854 a multiple of 318?
True
Does 10 divide 178029020?
True
Is 11104762 a multiple of 387?
False
Does 97 divide 32504025?
False
Is 1705279100 a multiple of 175?
True
Is 34 a factor of 13919219?
False
Is 5733 a factor of 13805064?
True
Is 9 a factor of 46263506?
False
Is 1253713131 a multiple of 33?
True
Is 25 a factor of 1781408309?
False
Does 739 divide 178754333?
False
Does 176 divide 71507240?
False
Is 127288873 a multiple of 1963?
False
Does 611 divide 37091366?
True
Is 50001072 a multiple of 175?
False
Is 2168 a factor of 387629908?
False
Is 108249457 a multiple of 123?
False
Is 27226220 a multiple of 565?
True
Is 422831540 a multiple of 90?
False
Does 1353 divide 303883800?
True
Is 239370228 a multiple of 1320?
False
Is 276 a factor of 68868444?
False
Does 284 divide 1485646?
False
Is 44908671 a multiple of 188?
False
Does 32 divide 1163783647?
False
Does 2110 divide 96999647?
False
Does 174 divide 90146183?
False
Does 21 divide 73786167?
True
Is 363288452 a multiple of 1367?
True
Is 543 a factor of 3167862?
True
Is 1999678890 a multiple of 66?
True
Is 59 a factor of 1577083983?
True
Does 1625 divide 82173278?
False
Is 281 a factor of 15642989?
Tr